{"id":14885,"date":"2024-09-16T17:06:42","date_gmt":"2024-09-16T15:06:42","guid":{"rendered":"https:\/\/metalpar.co\/newsite\/?page_id=14885"},"modified":"2024-09-16T17:16:42","modified_gmt":"2024-09-16T15:16:42","slug":"denuncias-y-consultas-advertencias","status":"publish","type":"page","link":"https:\/\/metalpar.co\/newsite\/denuncias-y-consultas-advertencias\/","title":{"rendered":"Denuncias y\/o consultas"},"content":{"rendered":"\t\t<div data-elementor-type=\"wp-page\" data-elementor-id=\"14885\" class=\"elementor elementor-14885\">\n\t\t\t\t        <section class=\"elementor-section elementor-top-section elementor-element elementor-element-48513b87 elementor-section-boxed elementor-section-height-default elementor-section-height-default ct-header-fixed-none ct-column-none ct-row-scroll-none ct-row-gradient--none ct-row-container--default\" data-id=\"48513b87\" data-element_type=\"section\">\n            \n                        <div class=\"elementor-container elementor-column-gap-default \">\n                    <div class=\"elementor-column elementor-col-100 elementor-top-column elementor-element elementor-element-252b40a2 ct-column-none col-offset-none\" data-id=\"252b40a2\" data-element_type=\"column\">\n        <div class=\"elementor-widget-wrap elementor-element-populated\">\n                    \n        \t\t<div class=\"elementor-element elementor-element-61a5c786 elementor-invisible elementor-widget elementor-widget-text-editor\" data-id=\"61a5c786\" data-element_type=\"widget\" data-settings=\"{&quot;_animation&quot;:&quot;fadeInUp&quot;}\" data-widget_type=\"text-editor.default\">\n\t\t\t\t<div class=\"elementor-widget-container\">\n\t\t\t\t\t\t\t<p><strong>Advertencia sobre los datos suministrados<\/strong><\/p><div>\u00a0<\/div><div><span style=\"color: #ff0000;\">Por favor lea la siguiente informaci\u00f3n y seleccione el espacio donde aprueba su consentimiento para continuar.<\/span><\/div><div>\u00a0<\/div><div>Mediante el registro de sus datos personales a trav\u00e9s del formulario WEB , usted autoriza a METALPAR S.A.S., como Responsables del Tratamiento a realizar lo siguiente: relacionamiento, comunicaci\u00f3n, desarrollo, registro, actualizaci\u00f3n, consolidaci\u00f3n, acreditaci\u00f3n, formalizaci\u00f3n, ejecuci\u00f3n, difusi\u00f3n, aseguramiento, organizaci\u00f3n, tramitaci\u00f3n, control, defensa jur\u00eddica, y gesti\u00f3n de las actuaciones, informaciones y actividades en las cuales se relacionan o vinculan la comunidad y la sociedad civil en general con METALPAR S.A.S, con la finalidad de Gestionar las denuncias \u00e9ticas.<\/div><div>\u00a0<\/div><div>La vigencia de estos tratamientos ser\u00e1 igual al periodo en que se mantenga la finalidad o finalidades del respectivo tratamiento, o el periodo de vigencia que se\u00f1ale una causa legal, contractual o jurisprudencial de manera espec\u00edfica.<\/div><div>\u00a0<\/div><div>Como Titular de los datos personales que usted est\u00e1 suministrando, usted contar\u00e1 con los derechos de conocimiento, acceso, rectificaci\u00f3n, actualizaci\u00f3n, revocaci\u00f3n de la autorizaci\u00f3n y supresi\u00f3n sobre los datos personales no p\u00fablicos a los que se dar\u00e1 Tratamiento.<\/div><div>\u00a0<\/div><div>Nota: Para consultar la Pol\u00edtica, Declaraci\u00f3n, Norma o documento donde se detalle el Tratamiento de la Informaci\u00f3n Personal en la que se indican las directrices generales de los tratamientos de los datos personales y el conducto regular para el ejercicio de los derechos de titular, podr\u00e1 consultarlo a trav\u00e9s del medio establecido por Metalpar S.A.S<\/div><div>\u00a0<\/div><div>Aviso de Privacidad Objetivo<\/div><div>\u00a0<\/div><div>Con la finalidad de Gestionar las denuncias \u00e9ticas, mediante el registro de sus datos personales a trav\u00e9s del formulario WEB , usted autoriza a METALPAR S.A.S. como Responsables del Tratamiento, a realizar los siguientes tratamientos: relacionamiento, comunicaci\u00f3n, desarrollo, registro, actualizaci\u00f3n, consolidaci\u00f3n, acreditaci\u00f3n, formalizaci\u00f3n, ejecuci\u00f3n, difusi\u00f3n, aseguramiento, organizaci\u00f3n, tramitaci\u00f3n, control, defensa jur\u00eddica, y gesti\u00f3n de las actuaciones, informaciones y actividades en las cuales cada empresa se relaciona o vincula a la comunidad y la sociedad civil.<\/div><div>\u00a0<\/div><div>La vigencia de estos tratamientos ser\u00e1 igual al periodo en que se mantenga la finalidad o finalidades del respectivo tratamiento, o el periodo de vigencia que se\u00f1ale una causa legal, contractual o jurisprudencial de manera espec\u00edfica.<\/div><div>\u00a0<\/div><div>Como Titular de los datos personales que usted est\u00e1 suministrando, usted contar\u00e1 con los derechos de conocimiento, acceso, rectificaci\u00f3n, actualizaci\u00f3n, revocaci\u00f3n de la autorizaci\u00f3n y supresi\u00f3n sobre los datos personales no p\u00fablicos a los que se dar\u00e1 Tratamiento.<\/div><div>\u00a0<\/div><div>Nota: Para consultar la Pol\u00edtica, Declaraci\u00f3n, Norma o documento donde se detalle el Tratamiento de la Informaci\u00f3n Personal en la que se indican las directrices generales de los tratamientos de los datos personales y el conducto regular para el ejercicio de los derechos de titular, podr\u00e1 consultarlo a trav\u00e9s del medio establecido por METALPAR S.A.S.<\/div><div>\u00a0<\/div>\t\t\t\t\t\t<\/div>\n\t\t\t\t<\/div>\n\t\t            <\/div>\n        <\/div>\n                    <\/div>\n        <\/section>\n                <section class=\"elementor-section elementor-top-section elementor-element elementor-element-61a9740d elementor-section-boxed elementor-section-height-default elementor-section-height-default ct-header-fixed-none ct-column-none ct-row-scroll-none ct-row-gradient--none ct-row-container--default\" data-id=\"61a9740d\" data-element_type=\"section\">\n            \n                        <div class=\"elementor-container elementor-column-gap-default \">\n                    <div class=\"elementor-column elementor-col-100 elementor-top-column elementor-element elementor-element-5e15bf4a ct-column-none col-offset-none\" data-id=\"5e15bf4a\" data-element_type=\"column\">\n        <div class=\"elementor-widget-wrap elementor-element-populated\">\n                    \n        \t\t<div class=\"elementor-element elementor-element-7ae9dbb6 elementor-invisible elementor-widget elementor-widget-wpforms\" data-id=\"7ae9dbb6\" data-element_type=\"widget\" data-settings=\"{&quot;_animation&quot;:&quot;fadeInUp&quot;}\" data-widget_type=\"wpforms.default\">\n\t\t\t\t<div class=\"elementor-widget-container\">\n\t\t\t<style id=\"wpforms-css-vars-root\">\n\t\t\t\t:root {\n\t\t\t\t\t--wpforms-field-border-radius: 3px;\n--wpforms-field-border-style: solid;\n--wpforms-field-border-size: 1px;\n--wpforms-field-background-color: #ffffff;\n--wpforms-field-border-color: rgba( 0, 0, 0, 0.25 );\n--wpforms-field-border-color-spare: rgba( 0, 0, 0, 0.25 );\n--wpforms-field-text-color: rgba( 0, 0, 0, 0.7 );\n--wpforms-field-menu-color: #ffffff;\n--wpforms-label-color: rgba( 0, 0, 0, 0.85 );\n--wpforms-label-sublabel-color: rgba( 0, 0, 0, 0.55 );\n--wpforms-label-error-color: #d63637;\n--wpforms-button-border-radius: 3px;\n--wpforms-button-border-style: none;\n--wpforms-button-border-size: 1px;\n--wpforms-button-background-color: #066aab;\n--wpforms-button-border-color: #066aab;\n--wpforms-button-text-color: #ffffff;\n--wpforms-page-break-color: #066aab;\n--wpforms-background-image: none;\n--wpforms-background-position: center center;\n--wpforms-background-repeat: no-repeat;\n--wpforms-background-size: cover;\n--wpforms-background-width: 100px;\n--wpforms-background-height: 100px;\n--wpforms-background-color: rgba( 0, 0, 0, 0 );\n--wpforms-background-url: none;\n--wpforms-container-padding: 0px;\n--wpforms-container-border-style: none;\n--wpforms-container-border-width: 1px;\n--wpforms-container-border-color: #000000;\n--wpforms-container-border-radius: 3px;\n--wpforms-field-size-input-height: 43px;\n--wpforms-field-size-input-spacing: 15px;\n--wpforms-field-size-font-size: 16px;\n--wpforms-field-size-line-height: 19px;\n--wpforms-field-size-padding-h: 14px;\n--wpforms-field-size-checkbox-size: 16px;\n--wpforms-field-size-sublabel-spacing: 5px;\n--wpforms-field-size-icon-size: 1;\n--wpforms-label-size-font-size: 16px;\n--wpforms-label-size-line-height: 19px;\n--wpforms-label-size-sublabel-font-size: 14px;\n--wpforms-label-size-sublabel-line-height: 17px;\n--wpforms-button-size-font-size: 17px;\n--wpforms-button-size-height: 41px;\n--wpforms-button-size-padding-h: 15px;\n--wpforms-button-size-margin-top: 10px;\n--wpforms-container-shadow-size-box-shadow: none;\n\n\t\t\t\t}\n\t\t\t<\/style><style id=\"wpforms-css-vars-elementor-widget-7ae9dbb6\">\n\t\t\t\t.elementor-widget-wpforms.elementor-element-7ae9dbb6 {\n\t\t\t\t\t--wpforms-field-size-input-height: 43px;\n--wpforms-field-size-input-spacing: 15px;\n--wpforms-field-size-font-size: 16px;\n--wpforms-field-size-line-height: 19px;\n--wpforms-field-size-padding-h: 14px;\n--wpforms-field-size-checkbox-size: 16px;\n--wpforms-field-size-sublabel-spacing: 5px;\n--wpforms-field-size-icon-size: 1;\n--wpforms-label-size-font-size: 16px;\n--wpforms-label-size-line-height: 19px;\n--wpforms-label-size-sublabel-font-size: 14px;\n--wpforms-label-size-sublabel-line-height: 17px;\n--wpforms-button-size-font-size: 17px;\n--wpforms-button-size-height: 41px;\n--wpforms-button-size-padding-h: 15px;\n--wpforms-button-size-margin-top: 10px;\n\n\t\t\t\t}\n\t\t\t<\/style><div class=\"wpforms-container wpforms-container-full wpforms-render-modern\" id=\"wpforms-14856\"><form id=\"wpforms-form-14856\" class=\"wpforms-validate wpforms-form wpforms-ajax-form\" data-formid=\"14856\" method=\"post\" enctype=\"multipart\/form-data\" action=\"\/newsite\/wp-json\/wp\/v2\/pages\/14885\" data-token=\"4276078f447f7c358759a8b6d753c01d\" data-token-time=\"1777885641\"><noscript class=\"wpforms-error-noscript\">Por favor, activa JavaScript en tu navegador para completar este formulario.<\/noscript><div class=\"wpforms-hidden\" id=\"wpforms-error-noscript\">Por favor, activa JavaScript en tu navegador para completar este formulario.<\/div><div class=\"wpforms-field-container\"><div id=\"wpforms-14856-field_1-container\" class=\"wpforms-field wpforms-field-checkbox\" data-field-id=\"1\"><fieldset><legend class=\"wpforms-field-label\"> <span class=\"wpforms-required-label\" aria-hidden=\"true\">*<\/span><\/legend><ul id=\"wpforms-14856-field_1\" class=\"wpforms-field-required\"><li class=\"choice-1 depth-1\"><input type=\"checkbox\" id=\"wpforms-14856-field_1_1\" name=\"wpforms[fields][1][]\" value=\"He leido el aviso de privacidad y autorizo el uso de mi informaci\u00f3n personal.\" aria-errormessage=\"wpforms-14856-field_1_1-error\" required ><label class=\"wpforms-field-label-inline\" for=\"wpforms-14856-field_1_1\">He leido el aviso de privacidad y autorizo el uso de mi informaci\u00f3n personal.<\/label><\/li><\/ul><\/fieldset><\/div><\/div><!-- .wpforms-field-container --><div class=\"wpforms-submit-container\" ><input type=\"hidden\" name=\"wpforms[id]\" value=\"14856\"><input type=\"hidden\" name=\"page_title\" value=\"\"><input type=\"hidden\" name=\"page_url\" value=\"https:\/\/metalpar.co\/newsite\/wp-json\/wp\/v2\/pages\/14885\"><button type=\"submit\" name=\"wpforms[submit]\" id=\"wpforms-submit-14856\" class=\"wpforms-submit\" data-alt-text=\"Enviando...\" data-submit-text=\"Continuar\" aria-live=\"assertive\" value=\"wpforms-submit\">Continuar<\/button><img decoding=\"async\" src=\"https:\/\/metalpar.co\/newsite\/wp-content\/plugins\/wpforms-lite\/assets\/images\/submit-spin.svg\" class=\"wpforms-submit-spinner\" style=\"display: none;\" width=\"26\" height=\"26\" alt=\"Cargando\"><\/div><\/form><\/div>  <!-- .wpforms-container -->\t\t<\/div>\n\t\t\t\t<\/div>\n\t\t            <\/div>\n        <\/div>\n                    <\/div>\n        <\/section>\n                <section class=\"elementor-section elementor-top-section elementor-element elementor-element-1828ad61 elementor-section-boxed elementor-section-height-default elementor-section-height-default ct-header-fixed-none ct-column-none ct-row-scroll-none ct-row-gradient--none ct-row-container--default\" data-id=\"1828ad61\" data-element_type=\"section\">\n            \n                        <div class=\"elementor-container elementor-column-gap-default \">\n                    <div class=\"elementor-column elementor-col-100 elementor-top-column elementor-element elementor-element-7ace60a2 ct-column-none col-offset-none\" data-id=\"7ace60a2\" data-element_type=\"column\">\n        <div class=\"elementor-widget-wrap elementor-element-populated\">\n                    \n        \t\t<div class=\"elementor-element elementor-element-4448d246 elementor-invisible elementor-widget elementor-widget-text-editor\" data-id=\"4448d246\" data-element_type=\"widget\" data-settings=\"{&quot;_animation&quot;:&quot;fadeInUp&quot;}\" data-widget_type=\"text-editor.default\">\n\t\t\t\t<div class=\"elementor-widget-container\">\n\t\t\t\t\t\t\t<p>La presente denuncia puede ser presentada de forma an\u00f3nima.<\/p><p>Empresa:\u00a0 <strong>Metalpar S.A.S.<\/strong><\/p><p>Direcci\u00f3n: <strong>Carrera 7P No 37-21 Km 2 v\u00eda Neiva &#8211; Bogot\u00e1<\/strong><\/p><p>Correo: <a href=\"mailto:denunciasyconsultas@metalpar.co\"><strong>denunciasyconsultas@metalpar.co<\/strong><\/a><\/p><p>T\u00e9lefonos: <strong>En Neiva +57 (8) 8664490 Ext 1<br \/><\/strong><\/p>\t\t\t\t\t\t<\/div>\n\t\t\t\t<\/div>\n\t\t            <\/div>\n        <\/div>\n                    <\/div>\n        <\/section>\n        \t\t<\/div>\n\t\t","protected":false},"excerpt":{"rendered":"<p>Advertencia sobre los datos suministrados \u00a0Por favor lea la siguiente informaci\u00f3n y seleccione el espacio donde aprueba su consentimiento para continuar.\u00a0Mediante el registro de sus datos personales a trav\u00e9s del formulario WEB , usted autoriza a METALPAR S.A.S., como Responsables del Tratamiento a realizar lo siguiente: relacionamiento, comunicaci\u00f3n, desarrollo, registro, actualizaci\u00f3n, consolidaci\u00f3n, acreditaci\u00f3n, formalizaci\u00f3n, ejecuci\u00f3n, [&hellip;]<\/p>\n","protected":false},"author":1,"featured_media":0,"parent":0,"menu_order":0,"comment_status":"closed","ping_status":"closed","template":"","meta":{"footnotes":""},"class_list":["post-14885","page","type-page","status-publish","hentry"],"_links":{"self":[{"href":"https:\/\/metalpar.co\/newsite\/wp-json\/wp\/v2\/pages\/14885","targetHints":{"allow":["GET"]}}],"collection":[{"href":"https:\/\/metalpar.co\/newsite\/wp-json\/wp\/v2\/pages"}],"about":[{"href":"https:\/\/metalpar.co\/newsite\/wp-json\/wp\/v2\/types\/page"}],"author":[{"embeddable":true,"href":"https:\/\/metalpar.co\/newsite\/wp-json\/wp\/v2\/users\/1"}],"replies":[{"embeddable":true,"href":"https:\/\/metalpar.co\/newsite\/wp-json\/wp\/v2\/comments?post=14885"}],"version-history":[{"count":7,"href":"https:\/\/metalpar.co\/newsite\/wp-json\/wp\/v2\/pages\/14885\/revisions"}],"predecessor-version":[{"id":14903,"href":"https:\/\/metalpar.co\/newsite\/wp-json\/wp\/v2\/pages\/14885\/revisions\/14903"}],"wp:attachment":[{"href":"https:\/\/metalpar.co\/newsite\/wp-json\/wp\/v2\/media?parent=14885"}],"curies":[{"name":"wp","href":"https:\/\/api.w.org\/{rel}","templated":true}]}}